-27*x + 254. Let g be v(8). Suppose 84 = -24*w + g*w. List the prime factors of w.
2, 3
Let z be 1472/18 - (-2)/9. Suppose -x = -2*w - 222, -4*x + w = -z - 841. Suppose 2*v - 32 = x. List the prime factors of v.
2, 3, 11
Let a(o) = -o**3 - 9*o**2 + 11*o - 2. Let i be a(-10). Let d(m) = -3*m + 6*m - 7*m + 0*m. List the prime factors of d(i).
2, 3
Suppose -3*l + 7 = 5*r, 0 = 3*l - 3*r + 38 - 5. Let d = l + 10. What are the prime factors of 1 + 4 + 25*d?
3, 5, 7
Suppose -12*h + h + 418 = 0. What are the prime factors of h + 16/4 - 1?
41
Let g = -136 - -141. Suppose -4*n + 1444 = -0*j + 4*j, -5 = -g*n. What are the prime factors of j?
2, 3, 5
Let m = -67 + 39. Let q = m + 32. Suppose -204 = -4*b + 2*y + 522, -2*b = q*y - 338. List the prime factors of b.
179
Let z(g) = 36*g**3 - 11*g**2 + 13*g - 3. Let j be z(6). Suppose -13*i - 2*i + j = 0. List the prime factors of i.
7, 71
Suppose -22*q + 45568 = -6*q. List the prime factors of q.
2, 89
Let y = 2910 - 1711. List the prime factors of (-1 - y)/(9/36*-6).
2, 5
Let c(w) = -w**3 + 30*w**2 + 4*w - 117. Suppose 639 = 44*r - 637. What are the prime factors of c(r)?
2, 3, 5, 7
Let w be 2/(-1) - (-2 + 2). List the prime factors of ((-230)/(-30) + -9)/(w/993).
2, 331
Let v(h) = 5*h**3 + h**2 - 174. What are the prime factors of v(10)?
2, 3, 821
Let b be (-6 - (-2 + -3))*-5. List the prime factors of (-25 + -6 + b)*-17.
2, 13, 17
Let m be (0 + (-8)/6)*(-30)/8. Suppose -v = -m*k - 523, -5*k = 22*v - 17*v - 2585. What are the prime factors of v?
2, 7, 37
Let q = -3518 + 10672. List the prime factors of q.
2, 7, 73
Let d(z) be the second derivative of 0 - 41/10*z**5 + 1/12*z**4 + 1/2*z**3 + 11*z + 3/2*z**2. What are the prime factors of d(-1)?
83
List the prime factors of 3583 + 15*8/20.
37, 97
Let t(q) = -q**3 + 8*q**2 - 3. Let k = 38 + -30. Let u be t(k). List the prime factors of (-7)/(3/u)*(-8)/(-1).
2, 7
Let y = -10 - -27. Suppose y*x - 3155 = 534. What are the prime factors of x?
7, 31
Suppose m - 9 = 18. Suppose m*l = 17*l + 2670. What are the prime factors of l?
3, 89
Suppose -14 + 35 = 3*u. Suppose u*b = -9*b + 5*b. Suppose b = -2*i + 6, 0 = -0*o + o - 4*i - 189. What are the prime factors of o?
3, 67
Let o(i) be the third derivative of i**4/24 + 3*i**3/2 + 21*i**2. Let n be o(6). Suppose -2*y + 149 - n = 0. What are the prime factors of y?
67
Let u(q) = 17 + 11*q - q**3 + 62*q**2 + 3*q**3 - 36*q**2 - 31*q**2. List the prime factors of u(7).
5, 107
Let d(y) = 2*y**2 - y + 1. Let v(x) = -x**3 - 9*x**2 + 13*x - 1. Let g(j) = -3*d(j) - v(j). What are the prime factors of g(7)?
2, 11, 19
Let i(z) = 56*z**2 - 19*z - 57. Let p be i(-3). Let x = -2 - -4. Suppose p = x*d + 4*g - 2*g, -d + 250 = -g. What are the prime factors of d?
251
Suppose -5*z - 890 + 2425 = 0. Suppose 1567 - z = 2*k. What are the prime factors of k?
2, 3, 5, 7
Suppose 5*i + v = 4043, 0 = -5*i - 0*i - 2*v + 4046. Let j = i - 198. List the prime factors of j.
2, 5, 61
Let z(g) = 16*g**2 - 54*g - 304. Let c be z(-6). Suppose q - c = -2*j, q + 39*j - 35*j = 596. List the prime factors of q.
2, 149
Let s(p) = 4*p**2 + 181*p - 7368. What are the prime factors of s(-156)?
2, 3, 5, 7
Let l(k) = 97*k + 2. Let g be (-27)/8 + 12/32. Let v be l(g). Let p = -193 - v. What are the prime factors of p?
2, 3
Suppose 376*m - 4332556 = 3239708. What are the prime factors of m?
3, 7, 137
Suppose 20*c - 6 = 19*c. Suppose -c*g - 148 = -8*g. Suppose 0 = -79*v + g*v + 95. List the prime factors of v.
19
Suppose 62 = 17*w - 193. Suppose i + 9 = 2*z + 2, w = 3*z. List the prime factors of -4 - (-134)/3 - (-1)/i.
41
Let c = 4281 + -4279. Suppose 4*h - 16 = 4*x, -3*h + 6*h = -5*x + 12. Suppose -c*a - 358 = -x*f - 5*f, 136 = 2*f + a. List the prime factors of f.
2, 5, 7
Suppose 2*f = 17 - 5. Suppose 0 = 2*n - 2 - f. Suppose n*u = 9*u - 395. What are the prime factors of u?
79
Suppose -583620 = -78*f + 65028. List the prime factors of f.
2, 3, 7, 11
Let s(m) = -m**3 + 22*m**2 - 45*m + 50. What are the prime factors of s(17)?
2, 5, 73
List the prime factors of (-1852)/((-5)/((-75)/(-30))).
2, 463
Let h(w) = -3*w**2 - 2*w + 16. Let j be h(-3). List the prime factors of 62/j*25/(-10).
31
Let s(d) = -d**2 - 2*d - 22. Let a be s(-10). Let b = a + 100. Let l(f) = -8*f**3 - f**2 + 3*f + 7. List the prime factors of l(b).
61
Let t = 1003 - -2903. List the prime factors of t.
2, 3, 7, 31
Suppose -27*w - 910 = -19594. Suppose 2*g - 3*x = w - 11, g + 3*x - 345 = 0. What are the prime factors of g?
2, 3, 19
Suppose -41*j + 1396 = -45*j. Let k = 384 + j. What are the prime factors of k?
5, 7
Suppose 0 = -8*y + 6*y - d + 146103, -5*d - 45 = 0. List the prime factors of y.
2, 3, 761
Suppose -214*y - 702739 = -462*y + 217*y. List the prime factors of y.
22669
Let d = -328 + 330. Suppose 3*m + 457 = -d*p + 2057, 4*p + m = 3190. List the prime factors of p.
797
Suppose q = -4*w + 3122, 3*w + 14*q - 2348 = 10*q. Let l = w - -44. What are the prime factors of l?
2, 103
Let d = 833 - -18162. What are the prime factors of d?
5, 29, 131
Suppose -70*u - 12251 = -392351. What are the prime factors of u?
2, 3, 5, 181
Let t(u) = 13*u**3 - 16*u**2 + 18*u - 85. What are the prime factors of t(11)?
2, 3, 5, 43
Let o(r) = -r**3 - 28*r**2 + 62*r + 62. Let q be o(-30). Suppose -5*l + q*c = -2724, 2727 = 6*l - l - c. List the prime factors of l.
2, 3, 7, 13
Let c(l) = 1 - 19*l + 1 - 14*l**2 - 13 + 3*l**2 + l**3. Let o be ((-312)/(-18))/4*3. List the prime factors of c(o).
2, 5
Suppose -l = -2*w + 379, -2 - 1 = l. Suppose -3*n = 9, 2*r - 8 + 2 = -2*n. List the prime factors of (((-21)/(-2))/7)/(r/w).
47
Let d(m) = 4 + 0*m**3 - m**3 - 691*m**2 + 662*m**2 + 47*m. List the prime factors of d(-31).
7, 67
Let u = -609 + -351. Let l be ((-15)/(-30))/((-2)/u). Let d = l - 128. What are the prime factors of d?
2, 7
Let k be -1 - -8 - (-5 + 3). Suppose 0 = -i + 3*v - k, 3*i + 3*v - 28 = v. Let j(o) = -o**2 + 6*o + 18. What are the prime factors of j(i)?
2, 3
Let m = -2075 + 2509. List the prime factors of m.
2, 7, 31
Let d(i) be the first derivative of -i**4/4 + 7*i**3/3 + i**2 - 12*i + 22. Let f be d(7). Suppose -62 = -4*v + f. List the prime factors of v.
2
What are the prime factors of -3*6/(-27)*(-13)/(13/(-5520))?
2, 5, 23
Suppose -5*o + 3*w = -6293, 4*o + 12*w - 4990 = 7*w. List the prime factors of o.
5, 251
Suppose 625 = 5*c - 265. Suppose 3*i = -2*d + 56, -4*d = 2 + 6. Let a = c - i. List the prime factors of a.
2, 79
Let q(f) = -4*f + 35. Let w be q(8). Let v be 0/(w*4/(-12)). Suppose v = -4*o + 541 - 209. List the prime factors of o.
83
Let v(y) be the first derivative of 11/3*y**3 + 5/2*y**2 - 14 + 6*y - 1/4*y**4. List the prime factors of v(11).
61
Let o = 56 + -51. Suppose -s - 2*p = -435, -o*s + 2208 = 14*p - 15*p. What are the prime factors of s?
3, 7
List the prime factors of (-3)/((-27)/6)*((-925263)/(-6))/9.
11423
Let q(k) = k**3 + 3*k + 2. Let v be q(4). Suppose 2569 = -v*y + 85*y. What are the prime factors of y?
367
Let o = -462 - -466. Suppose 13*w - q + 1716 = 14*w, o*w - q - 6869 = 0. List the prime factors of w.
17, 101
Let r(z) = z**2 + 12*z + 22. Let n be r(-9). Let d be -1*(n - (2 + -2)). Suppose -d*s = -c - 371, s - 5*c - 79 = -0*c. What are the prime factors of s?
2, 37
Let q(v) = v**3 - 14*v**2 - 15*v + 10. Let u be q(15). Let h be u/(-95) + 1807/19. Let x = h - 0. What are the prime factors of x?
5, 19
Suppose 2496 = 63*m - 50*m. Let y = 1066 - m. What are the prime factors of y?
2, 19, 23
Suppose 4*a = 6 - 238. Let q = a - -63. Suppose -3*m + 327 = 2*v - v, 0 = 3*m + q*v - 339. List the prime factors of m.
2, 3
Let f(i) = -3*i**2 + i. Let n(k) = -5*k**2 + k. Let w(a) = -8*f(a) + 5*n(a). Let m be w(-7). Let b = m + 41. List the prime factors of b.
13
Suppose 5952 = 7*j - 3*j. Suppose 468 = -5*s + j. What are the prime factors of s?
2, 3, 17
Suppose 47*o = 172390 + 98894. List the prime factors of o.
2, 3, 13, 37
Let o(b) = -145*b + 45. Let p be o(-28). Suppose c + c + 4105 = 5*a, -5*a + c + p = 0. List the prime factors of a.
821
Suppose 13*r = 20750 + 36918. List the prime factors of r.
2, 1109
Let p be 212*(-1)/(-18) - 6/(-27). Suppose p = z + 9. List the prime factors of -20*(6/(-30) + (-1 - z)).
2, 3, 7
Let m(b) = -2*b**3 - 60*b**2 - 84*b - 23. What are the prime fact